. What is the highest common factor of t and x?
2
Suppose 3*g = 5*g - 64. Let z(j) be the second derivative of j**4/12 + j**3/3 + 24*j**2 - 14*j. Let f be z(0). Calculate the greatest common divisor of g and f.
16
Suppose 392*h = 364*h + 2800. Calculate the greatest common divisor of 1420 and h.
20
Let i = 284 - 270. What is the highest common divisor of i and 10346?
14
Let x = -53 - -37. Let i be x/(164/84 - 2). Calculate the greatest common factor of 48 and i.
48
Let a = 59 - 54. Let i(w) = 11*w - 16. Let j be i(a). Suppose j = -z + 56. Calculate the highest common factor of 85 and z.
17
Suppose -17627 = -37*o + 14119. Calculate the highest common divisor of 44 and o.
22
Let d be 1388/14 - (-402)/469. What is the highest common divisor of d and 8?
4
Suppose 16*i = 18*i - 60. Let x = 13 - 27. Let m = i - x. Calculate the greatest common factor of 396 and m.
44
Let n = 58 - 58. Let d(g) = -g**3 + g - 6. Let t be d(n). Let q(f) = f**2 + 5*f + 23. Let s be q(t). What is the highest common factor of s and 261?
29
Let q = 25749 - 25672. What is the greatest common factor of q and 161?
7
Let w be 592/5 - 18/(-30). Let m = 3686 + -1782. Calculate the highest common factor of w and m.
119
Suppose 530 = 7*v - 1129. Let z = 292 - v. Calculate the greatest common divisor of z and 99.
11
Let d = -22 - -42. Let n = 64 - 64. Suppose -6*x + 3*x + 3*h = -18, -3*x - 4*h + 46 = n. What is the highest common factor of d and x?
10
Let d(o) be the first derivative of -30*o**2 - 2*o + 6. Let i be d(-2). Let y be i - (12/(-16))/(1/4). Calculate the highest common divisor of y and 11.
11
Suppose -1124 = -5*a + 4*r, -6*a = r + 3*r - 1340. Calculate the greatest common divisor of 232 and a.
8
Let h be (-4 - -1)*(-25)/25. Suppose -h*u - 284 = -7*u. Suppose -5*c = -u - 204. Calculate the greatest common divisor of 5 and c.
5
Let v(z) = 2*z**2 + 15*z + 11. Let l be v(7). Suppose -6*g + g - t + l = 0, -218 = -5*g + 3*t. Calculate the greatest common factor of g and 731.
43
Suppose -6*q - 10*q + 1456 = 0. Suppose 3*k - 21 = 2*f, 3*k + 4*f + 0*f - 21 = 0. What is the highest common factor of k and q?
7
Let v = 143 - -17. Let b = 214 - v. Calculate the greatest common divisor of 594 and b.
54
Suppose 13*n + 3*t = 18*n - 221, -135 = -3*n + t. Suppose -3*j = -16*j + 5382. Calculate the highest common divisor of j and n.
46
Let k(q) = 57*q - 6. Let b be k(5). Let v(s) = -s**2 - 211*s + 1364. Let p be v(6). Calculate the greatest common divisor of b and p.
31
Suppose 29 = 3*x + 5. Suppose 7*u = -1775 + 4. Let y = u - -285. What is the highest common factor of y and x?
8
Let l(a) = a**3 + 8*a**2 + 10*a - 5. Let w be l(-6). Suppose w*h + 2*h = 5157. Let n = h - 397. What is the highest common factor of n and 22?
22
Suppose -5*d + 45 = -a + 1, -d - 2*a + 11 = 0. Suppose 4*s + 2*n - 106 = 0, 4*s + 4*n - 85 = d*n. Calculate the greatest common factor of s and 325.
25
Let k = -178 + 192. Suppose 4*c = -4, 215 = 2*s - 3*c + k. Calculate the highest common factor of 22 and s.
11
Let d(k) = k**2 + 9*k + 18. Let u be d(-9). Suppose 0 = -5*w - u + 78. Suppose 0 = 3*p - w - 3. What is the highest common factor of p and 55?
5
Suppose 3*v + 2*v = -2*b + 6, 0 = -4*b - v + 12. Suppose b*z - 38 + 23 = 0. Calculate the highest common divisor of 235 and z.
5
Let b = 1746 - -129. What is the highest common divisor of 120 and b?
15
Suppose 0 = 13*z - 501 - 1179 - 140. Calculate the highest common factor of 8176 and z.
28
Let s = 12317 - 10217. What is the greatest common divisor of 1155 and s?
105
Let n be (5/(-1) - -2)*(-196)/42. Suppose -i - 4*x + 25 + 1 = 0, -2*i = -x - 7. Calculate the highest common factor of n and i.
2
Let h be (-2)/((-8)/(-7)) + 42/(-168). Let t be (-2)/4*12*h/1. Let y = -575 + 587. What is the greatest common divisor of t and y?
12
Let m(h) = -38*h + 4221. Let z be m(0). What is the greatest common factor of 189 and z?
63
Suppose 122 = 3*q - k - 16, -q = -3*k - 30. Calculate the greatest common factor of 23 and q.
1
Let p(n) = -69*n + 892. Let h be p(11). What is the highest common factor of h and 16093?
133
Suppose 5*y - 6*y + 8 = 0. Let o be ((-48)/(-9))/(44/330). What is the highest common factor of y and o?
8
Let o = -7019 + 7080. Calculate the greatest common factor of o and 13603.
61
Let q(g) = g**3 - 17*g**2 + 17*g - 5. Let z be q(16). Suppose 41*i - z = 40*i. Calculate the greatest common divisor of i and 11.
11
Let s(d) = 2*d**2 - 155*d - 1548. Let f be s(-9). Calculate the highest common factor of 690 and f.
3
Suppose -25*h + 7632 = -19*h. Calculate the highest common factor of 24 and h.
24
Suppose 0 = 334*q + 121*q - 15015. What is the highest common factor of q and 40557?
33
Let d(v) = v**3 + 8*v**2 - 8*v + 8. Let q be d(-9). Let f be (-8)/(-2)*30/12. Let i be (-6)/f*(q - -6) + 83. What is the greatest common divisor of i and 16?
16
Let q(m) = 4*m**2 - 28*m + 27. Let p(s) = s**2 + 4*s - 53. Let l be p(-10). Let j be q(l). Calculate the greatest common divisor of 99 and j.
9
Suppose 47*r + 42*r + 651 = 120*r. Let h(q) = 6*q**2 - 3. Let d be h(5). Calculate the greatest common factor of r and d.
21
Suppose 37511 = 86*p - 4887. Calculate the highest common factor of 29 and p.
29
Suppose 36 = 3*r - 2*m, 0 = 4*r + 2*m + 12 - 46. Suppose 4*o + 8 + 0 = 0. Let l be (1/o)/(4/(-16)). What is the greatest common divisor of l and r?
2
Let s be (5 + -1)*(-4)/(-8). Let c(l) = -6*l - 10. Let d = 42 + -45. Let j be c(d). What is the highest common divisor of s and j?
2
Suppose -186*r - 13275 = -201*r. Calculate the greatest common divisor of 1239 and r.
177
Suppose -3*g + 2608 = s - 704, -5*s = -5*g + 5540. What is the greatest common divisor of g and 2295?
85
Let h be 0 + 4 + -3 + (-8 - -33). What is the highest common divisor of h and 4446?
26
Suppose -4*b + 4*o = -7149 - 3147, 0 = 5*b + o - 12870. What is the greatest common divisor of b and 77?
11
Let d be (18/(-10))/(((-2)/328)/(1470/882)). What is the greatest common factor of 1599 and d?
123
Suppose 485 = 5*t + 4*q + 135, 2*t + 2*q - 138 = 0. Calculate the highest common divisor of 3959 and t.
37
Let s = 40720 + -28935. What is the highest common divisor of 5 and s?
5
Let r(p) = 214*p - 220*p + 14 + 0 - 1. Let n be r(1). Calculate the greatest common divisor of n and 224.
7
Suppose -3*i + 1863 = 5*c - 0*i, 379 = c - i. Let p = -347 + c. What is the greatest common divisor of p and 196?
28
Suppose -3*c + 162 = -0. Suppose 2*d - 41*d = -7371. Calculate the greatest common factor of c and d.
27
Let a be 230 - (-3 + -5 + 6). Calculate the greatest common factor of a and 551.
29
Suppose -4*o - 3*r + 50 = -r, 5 = -r. Let t(i) = -141*i + 730. Let s be t(5). Calculate the greatest common divisor of o and s.
5
Let c be 18/6 + 3/((-3)/(-91)). Suppose 225 = -5*h - t, -5*h = -3*t + 111 + c. Let y = -5 - h. What is the greatest common divisor of y and 52?
13
Let k be (-9 + 26/2)*(270*1)/2. Calculate the greatest common factor of 135 and k.
135
Let p(w) = 117*w**3 - 7*w**2 - 12*w + 47. Let h be p(4). What is the greatest common divisor of 177 and h?
59
Let q(t) = -3*t + 9. Let r be q(2). Suppose n - 352 = -r*n. What is the highest common factor of 8 and n?
8
Suppose 2*g - 50 = o + 206, 3*o - 5*g = -764. Let l = 301 + o. Calculate the greatest common divisor of l and 424.
53
Let i = 24 - -7. Let k = i - 28. Suppose -8 = 10*q - 14*q. Calculate the greatest common divisor of q and k.
1
Let x(b) = 12 - 14*b + 3 + 12*b - 2*b. Let y be x(-1). Calculate the greatest common factor of y and 551.
19
Let d(x) = -x**2 - 2*x + 1. Let b be d(-2). Suppose -b = -7*f + 27. Suppose 0 = -f*k + 58 + 38. Calculate the greatest common factor of 16 and k.
8
Suppose -3*v + 0*v + 277 = 2*h, -5*h = 3*v - 688. What is the highest common factor of 12193 and h?
137
Let z be (-4 - (-1 - 5))*(0 + 1). Suppose d - 1326 = z*b + b, -4*d - 5*b + 5219 = 0. What is the highest common factor of 57 and d?
57
Let l = 370 + -231. Let a = l - 79. What is the greatest common factor of a and 600?
60
Let j be -55*13/(-5)*1. Let w = -76 + j. Let c = w + -55. Calculate the highest common factor of 36 and c.
12
Let v = -220 + 223. Suppose -v*o = 2*f - 70, -3*o = -4*o - 5*f + 45. What is the highest common divisor of 340 and o?
20
Suppose -5*r - 1374 = -4*p, -5*r + 849 = 2*p + 20